a = s - 16. Let i(m) = -46*m**3 + 2*m**2 + 2*m + 1. What is the units digit of i(a)?
7
What is the tens digit of 25920/(-1152)*(3245/(-3) - -1)?
1
Let i = -115 + 68. Let j = -47 - i. Suppose -5*a + j*l + 5*l = -685, 4*a - 538 = 2*l. What is the tens digit of a?
3
Suppose o = -5*x - 158, 6*o - 8*o - 298 = 4*x. Let g(m) = 10*m**3 + 3*m**2 + 3*m. Let t be g(-2). Let z = t - o. What is the units digit of z?
9
Let y = -172 + 200. Let l = y + 102. What is the units digit of l?
0
Let u(h) = -8*h**3 + 5*h**2 - 2*h - 34. What is the hundreds digit of u(-6)?
8
Let c = 80299 - 54403. What is the ten thousands digit of c?
2
What is the thousands digit of ((-33145)/21)/((-90)/324)?
5
Suppose -1439152 = -52*q + 697602 + 986782. What is the units digit of q?
8
What is the ten thousands digit of (692/(-8))/(25 - (-55510)/(-2220))?
1
Let j(h) = 2*h - 3. Let q = -44 + 46. Let t be j(q). What is the tens digit of (-222 + -3)*t/(-3)?
7
Suppose -4*h + 5*t - 2652 = 2105, -h + 3*t - 1184 = 0. Let g = h - -2031. What is the tens digit of g?
3
Let k = 182843 - 103992. What is the units digit of k?
1
Let s(q) = -1022*q - 755. What is the units digit of s(-5)?
5
Let a = 618 + -406. Suppose 3*m + m - a = 0. Suppose -m = -2*j + j. What is the units digit of j?
3
Suppose 3*l - 1104 = 4*y + 1082, -5*l + 3645 = -5*y. Let d = -333 + l. What is the tens digit of d?
9
Suppose -4*l = -3*a + 26437, -2*a + 12930 = l - 4691. What is the hundreds digit of a?
8
Let h(q) = 70 + 224*q - 78*q - 72. What is the hundreds digit of h(5)?
7
Suppose -363075 = 37*f - 26*f - 26*f. What is the units digit of f?
5
What is the hundreds digit of ((-5)/(-15))/((-27)/(-804330))?
9
What is the thousands digit of (1 + (-18 - -18))/(1/15032)?
5
Let g(o) = 18*o + 28. Let a be g(-1). Suppose -5*f - 25 = -a*f, -5*w + 4*f + 3150 = 0. What is the tens digit of w?
3
What is the thousands digit of 1*3 + (-9 - -1185*(0 - -4))?
4
Let p be (4 - (1 - -2)) + 2. Suppose -j + 56 = 2*l, -90 - 138 = -5*j + p*l. Let x = 100 + j. What is the hundreds digit of x?
1
Let n be -4 + 30/6 - -521. Suppose -n = -3*p + 1509. What is the hundreds digit of p?
6
Let m = -188 + 182. What is the tens digit of 57*-1*(-4)/(-18)*m?
7
Let p(k) = -294*k - 30. Let s be p(-6). Suppose 71*m = 68*m + s. Suppose 4*x - 2*t = -t + m, 722 = 5*x - t. What is the units digit of x?
4
Let y(t) = -627*t - 2116. What is the units digit of y(-34)?
2
Suppose -15 = 2*n - 3*s, 3*n = -s + 6 - 1. Suppose 2*u - 6 = -n*u. Suppose 0*l + 2*l - 3*x = 123, u*l + 5*x - 194 = 0. What is the tens digit of l?
6
Suppose -4*z + 160 = t, -2*z - 756 = 6*t - 11*t. Let i = -140 + t. What is the tens digit of i?
1
Let p = -25 - 0. Let z = p - -73. Suppose 28 = i - z. What is the tens digit of i?
7
Let a = 2 - -1. Let q(c) = c**2 + 17*c - 131. Let o be q(6). What is the units digit of (-9)/a + 5*o?
2
Let i(f) = -4711*f - 1567. What is the thousands digit of i(-4)?
7
Let u(w) = -2*w - 10. Let j be u(-7). Let y(n) = 13*n - 5. Let g be y(j). Let d = g + 21. What is the units digit of d?
8
Let y be (-10)/(-2) + (-1071 - 7). Let i = y + 1738. What is the units digit of i?
5
Let p = 44342 - 24155. What is the ten thousands digit of p?
2
Let b = -590 + 1039. Suppose -5*s - b + 4301 = 4*r, 3*s = -12. What is the tens digit of r?
6
Let t = 207 + -367. Let s = 716 + t. What is the units digit of s?
6
Let o(z) = z + 19. Let q be 1 - 5/(5/(-3)). Suppose -25 = -q*m + l, 3*l + 25 = 3*m + l. What is the units digit of o(m)?
4
Let y = 147936 + -85634. What is the thousands digit of y?
2
Let f = 27 - 23. Suppose -2*a = 5*r - 3, 2*a = 3*r + 7 + f. Suppose -a*n + 6*n - 66 = 0. What is the units digit of n?
3
Suppose v + 32 = -s, -5*s = -3*v - 58 - 38. Let i be v/(-15) + 46/(-345). Suppose i*o + 3*o - 221 = 2*l, -132 = -3*o + l. What is the tens digit of o?
4
Suppose -38*i + 4*i - 387 = -2053. Let r be (-169)/9 - 6/27. Let w = i + r. What is the units digit of w?
0
Suppose 4925*m = 4930*m - 2*y - 355318, -284267 = -4*m + 3*y. What is the units digit of m?
0
Let n = -24 + 35. Suppose n*x = 1499 + 1955. What is the tens digit of x?
1
Suppose 0 = 7*s - 4*s - 2700. Suppose -4*v = -s - 460. What is the units digit of v?
0
Suppose 669*r + 95532 = 681*r. What is the hundreds digit of r?
9
Let l = -1709 + 32807. What is the tens digit of l?
9
Suppose 2*q + o = 8931, 3*q + 10*o - 14*o = 13402. Suppose 5*s = -146 + q. What is the tens digit of s?
6
Let h(n) = 49*n**3 - 5 - 19*n + n**2 + 39*n - 19*n. Let y be h(2). Let t = y + -213. What is the tens digit of t?
8
Let a(z) = -z**2 - 11*z + 23. Let n be a(-10). Let g = n - 36. What is the units digit of -8*((-22)/8 + g)?
6
Suppose 0 = 3*h + 7 - 43. Let o(l) = 5*l - h*l + 12 + 0*l - 1. What is the tens digit of o(-10)?
8
Suppose 4*a = r - 59 - 162, 0 = -2*r + a + 442. Suppose -3*g + 647 = -2*p, -3*p = -g - 5*p + r. What is the hundreds digit of g?
2
Let n = 30399 + -1242. What is the thousands digit of n?
9
Let v = -66 + 115. Suppose -x + 3*m - v = m, 0 = 2*x - 3*m + 96. Let d = 88 + x. What is the tens digit of d?
4
Let m(i) = i**2 - 9*i + 38. Let r(k) = 2*k**2 + 3*k - 14*k**3 + 6*k**3 + 2 - 7*k**3. Let j be r(-1). What is the units digit of m(j)?
0
Let a(f) = -5494*f + 400. What is the units digit of a(-3)?
2
Let x = -4270 + 6182. What is the hundreds digit of x?
9
Let k(l) = 2*l**3 + 110*l**2 - 145*l - 129. What is the hundreds digit of k(-56)?
7
Let d(i) = i**3 + 9*i**2 - 23*i - 3. Let s be d(-11). What is the hundreds digit of (1 - 1/(-3))/(s/3732)?
6
Suppose 26*u - 20*u = 138. What is the units digit of (u + -22)/((-2)/(-138))?
9
Let s be -4 - 312/(4 + 2). Let n(w) = w**2 + 13*w - 7. Let b be n(-11). Let r = b - s. What is the tens digit of r?
2
Let y be (-10)/(-3 - -4 - 3) + 3. Suppose -681 - 2751 = -y*x. What is the hundreds digit of x?
4
Suppose 197*h = 195*h + 13804. What is the tens digit of h?
0
Suppose -t - 89 = -23. Let l be (-526)/(-6) + (-22)/t. Suppose 2*m - l = 62. What is the tens digit of m?
7
Suppose -42 - 6 = -8*t. Suppose t*p + 1295 = 5015. What is the tens digit of p?
2
Suppose -10*m + 5*m + 10 = 0. Suppose 0 = -4*l + m*l + 8. Suppose -k = l*x - 45, 4*k - 220 = 6*x - 2*x. What is the units digit of k?
3
What is the units digit of 22 - (20 + -44575 - 10)?
7
Let o(w) = 900*w - 888. What is the thousands digit of o(33)?
8
Suppose 13*d = 11*d + 3*z - 105, -2*d + 2*z - 106 = 0. What is the tens digit of ((-126)/d)/((-1)/(-39))?
9
Let h(q) = 6*q - 44. Let f be h(15). Suppose -439 = -5*r + f. What is the tens digit of r?
9
Let r(k) = 12*k**3 - 289*k**2 - 16*k + 7. What is the units digit of r(25)?
2
Let h(f) = -16*f + 83. Let v be h(5). Suppose p + v*z + 0*z - 121 = 0, -3*p + 352 = -2*z. What is the hundreds digit of p?
1
Let c(n) be the first derivative of -13*n**5/120 + 19*n**4/24 - 7*n**3 - 5. Let b(s) be the third derivative of c(s). What is the hundreds digit of b(-8)?
1
Suppose -2*o = 4*a + 652, 0 = -4*o - 6*a + 3*a - 1289. Let w = -51 - o. What is the tens digit of w?
6
Let m(p) = -p**2 + 22*p - 115. Let t be m(12). Suppose -5*l = -3*z - 2*z + 3180, -3*l = -t*z + 3174. What is the units digit of z?
3
Suppose -933 + 153403 = 10*o. What is the units digit of o?
7
Suppose 179732 = 74*b - 10*b + 17684. What is the thousands digit of b?
2
Let k = -324 - -546. What is the tens digit of -1 + k + (4 - (-3 - -4))?
2
Suppose -10*h - 520 = 3*h. What is the hundreds digit of 2/(-10) - 20968/h?
5
Suppose -22*q + 47*q = 125. Suppose -4*p - 811 = 5*y - 3675, q*p - 3567 = -3*y. What is the tens digit of p?
1
Suppose -82*a = -889476 - 77280 - 1041424. What is the tens digit of a?
9
Let c = 56 + 283. Let z = -154 + c. What is the units digit of z?
5
Let b(l) = l**2 + 10*l + 16. Let f be b(-8). Suppose -3*u + 4*u = m - 122, -m + 5*u + 126 = f. Suppose -5*p + m + 14 = 0. What is the units digit of p?
7
Let f(p) = -525*p**3 - 7*p**2 - 45*p - 32. What is the tens digit of f(-3)?
1
Suppose -c - 11 = j, 3*j + 27 = -c - 16. Suppose s - 73 = -s - d, 0 = d + 1. Let v = s + j. What is the units digit of v?
1
Suppose 736*l - 651*l - 2976530 = 0. What is the hundreds digit of l?
0
Suppose 227*p = 228*p - 8364. Suppose -15*z + 3*z = -p. What is the tens digit of z?
9
Let n(g) = 175*g - 784. Let y(s) = 11*s - 49. Let x(o) = -4*n(o) + 63*y(o). Let q be x(22). What